sands digit of 1642997?
4
What is the hundred thousands digit of 221260?
2
What is the hundreds digit of 2043900?
9
What is the units digit of 67969?
9
What is the millions digit of 1545278?
1
What is the units digit of 145765?
5
What is the ten thousands digit of 25800762?
0
What is the tens digit of 194234?
3
What is the tens digit of 1670749?
4
What is the tens digit of 74782?
8
What is the hundred thousands digit of 29535642?
5
What is the units digit of 72974?
4
What is the hundreds digit of 30072?
0
What is the hundred thousands digit of 569708?
5
What is the millions digit of 1737473?
1
What is the thousands digit of 129348?
9
What is the hundreds digit of 1382836?
8
What is the hundred thousands digit of 12469091?
4
What is the millions digit of 1128014?
1
What is the hundreds digit of 31322?
3
What is the tens digit of 3155400?
0
What is the ten thousands digit of 120238?
2
What is the hundred thousands digit of 5633874?
6
What is the units digit of 99300?
0
What is the thousands digit of 539329?
9
What is the units digit of 8145021?
1
What is the thousands digit of 179458?
9
What is the ten thousands digit of 3000210?
0
What is the thousands digit of 13385320?
5
What is the ten millions digit of 13573599?
1
What is the units digit of 15088118?
8
What is the hundred thousands digit of 338809?
3
What is the hundred thousands digit of 181761?
1
What is the hundreds digit of 139771?
7
What is the thousands digit of 436253?
6
What is the ten thousands digit of 19129?
1
What is the thousands digit of 1158377?
8
What is the units digit of 66088?
8
What is the units digit of 5274514?
4
What is the hundreds digit of 486654?
6
What is the hundreds digit of 64265?
2
What is the hundreds digit of 2964683?
6
What is the tens digit of 505188?
8
What is the hundreds digit of 318227?
2
What is the ten thousands digit of 725658?
2
What is the units digit of 8864934?
4
What is the hundred thousands digit of 366480?
3
What is the units digit of 2077289?
9
What is the hundreds digit of 339363?
3
What is the ten thousands digit of 1498057?
9
What is the hundreds digit of 65931?
9
What is the hundred thousands digit of 15834653?
8
What is the thousands digit of 6908480?
8
What is the thousands digit of 6114505?
4
What is the millions digit of 40383099?
0
What is the hundred thousands digit of 24526997?
5
What is the hundreds digit of 993844?
8
What is the millions digit of 1368086?
1
What is the thousands digit of 6518749?
8
What is the units digit of 49747?
7
What is the ten thousands digit of 246726?
4
What is the tens digit of 14393212?
1
What is the tens digit of 95108?
0
What is the thousands digit of 526487?
6
What is the millions digit of 4850422?
4
What is the hundreds digit of 379562?
5
What is the tens digit of 976277?
7
What is the units digit of 875649?
9
What is the tens digit of 812296?
9
What is the units digit of 995787?
7
What is the hundred thousands digit of 867977?
8
What is the ten thousands digit of 372133?
7
What is the tens digit of 1899655?
5
What is the units digit of 172495?
5
What is the units digit of 114061?
1
What is the hundreds digit of 163774?
7
What is the thousands digit of 914767?
4
What is the hundreds digit of 175795?
7
What is the tens digit of 170959?
5
What is the thousands digit of 2039306?
9
What is the ten thousands digit of 2837060?
3
What is the units digit of 7353291?
1
What is the thousands digit of 189961?
9
What is the millions digit of 1495021?
1
What is the hundred thousands digit of 21940646?
9
What is the ten thousands digit of 597731?
9
What is the units digit of 377582?
2
What is the ten millions digit of 19534788?
1
What is the hundreds digit of 235703?
7
What is the thousands digit of 9938542?
8
What is the thousands digit of 4755365?
5
What is the hundreds digit of 452828?
8
What is the hundred thousands digit of 208225?
2
What is the hundred thousands digit of 181367?
1
What is the ten thousands digit of 943970?
4
What is the ten thousands digit of 142178?
4
What is the hundred thousands digit of 1932778?
9
What is the ten thousands digit of 613566?
1
What is the hundred thousands digit of 797767?
7
What is the thousands digit of 948603?
8
What is the ten thousands digit of 5744895?
4
What is the units digit of 2188126?
6
What is the hundred thousands digit of 5321399?
3
What is the ten thousands digit of 6030175?
3
What is the hundreds digit of 7155945?
9
What is the units digit of 286960?
0
What is the thousands digit of 1229334?
9
What is the hundred thousands digit of 1234777?
2
What is the hundred thousands digit of 1617341?
6
What is the units digit of 224818?
8
What is the units digit of 12701?
1
What is the hundred thousands digit of 18939706?
9
What is the hundreds digit of 1445003?
0
What is the ten thousands digit of 206963?
0
What is the hundred thousands digit of 504518?
5
What is the tens digit of 76029?
2
What is the tens digit of 785260?
6
What is the units digit of 4438991?
1
What is the millions digit of 2928520?
2
What is the thousands digit of 9549426?
9
What is the thousands digit of 226691?
6
What is the ten thousands digit of 1680728?
8
What is the tens digit of 6295919?
1
What is the hundred thousands digit of 4378760?
3
What is the millions digit of 1665003?
1
What is the tens digit of 6445?
4
What is the ten thousands digit of 909303?
0
What is the hundreds digit of 851111?
1
What is the thousands digit of 57854?
7
What is the ten thousands digit of 386866?
8
What is the tens digit of 47205?
0
What is the ten thousands digit of 530071?
3
What is the thousands digit of 229457?
9
What is the hundreds digit of 44279?
2
What is the units digit of 1091036?
6
What is the hundreds digit of 5032411?
4
What is the thousands digit of 23279?
3
What is the hundred thousands digit of 359352?
3
What is the ten thousands digit of 958720?
5
What is the tens digit of 284418?
1
What is the hundreds digit of 145591?
5
What is the tens digit of 674303?
0
What is the thousands digit of 3042485?
2
What is the hundred thousands digit of 6663450?
6
What is the ten thousands digit of 407587?
0
What is the units digit of 736212?
2
What is the thousands digit of 7241426?
1
What is the hundreds digit of 72633?
6
What is the ten millions digit of 12165342?
1
What is the tens digit of 326856?
5
What is the tens digit of 316844?
4
What is the units digit of 283222?
2
What is the hundred thousands digit of 2871378?
8
What is the units digit of 8206234?
4
What is the millions digit of 2944954?
2
What is the units digit of 8976146?
6
What is the millions digit of 2095505?
2
What is the hundreds digit of 9600228?
2
What is the hundreds digit of 4483398?
3
What is the thousands digit of 278985?
8
What is the hundred thousands digit of 4787465?
7
What is the hundred thousands digit of 135580?
1
What is the units digit of 360579?
9
What is the hundreds digit of 480449?
4
What is the ten thousands digit of 178471?
7
What is the hundred thousands digit of 8123996?
1
What is the ten thousands digit of 1875914?
7
What is the hundred thousands digit of 8760169?
7
What is the units digit of 68787?
7
What is the hundreds digit of 285271?
2
What is the thousands digit of 54440?
4
What is the ten thousands digit of 28496?
2
What is the ten thousands digit of 3521609?
2
What is the units digit of 12368458?
8
What is the units digit of 24467452?
2
What is the hundred thousands digit of 23210376?
2
What is the ten thousands digit of 12420051?
2
What is the units digit of 5238232?
2
What is the ten thousands digit of 774641?
7
What is the units digit of 227670?
0
What is the hundred thousands digit of 564674?
5
What is the tens digit of 22945490?
9
What is the tens digit of 3196469?
6
What is the ten thousands digit of 3375212?
7
What is the tens digit of 63086?
8
What is the tens digit of 7213354?
5
What is the thousands digit of 204777?
4
What is the ten thousands digit of 1677537?
7
What is the hundreds digit of 2294710?
7
What is the millions digit of 9167009?
9
What is the tens digit of 309883?
8
What is the tens digit of 149239?
3
What is the hundred thousands digit of 6828956?
8
What is the ten thousands digit of 9186795?
8
What is the ten thousands digit of 903616?
0
What is the tens digit of 6696389?
8
Wha